4 = 2, 2*w + 3*f + 60 = o. Let m = 55 + w. What is the tens digit of m?
2
Let c(l) = l**3 - 11*l**2 + 28*l + 6. Let z be c(7). Let d(q) = 3*q**2 - 3*q + 10. What is the hundreds digit of d(z)?
1
Let d(a) = a**3 + 2*a**2 - 4*a + 4. Let f(m) = -m**2 - 10*m + 14. Let k be f(-11). What is the tens digit of d(k)?
3
Let p(f) be the third derivative of -f**6/30 - f**5/15 + f**4/12 + f**3/2 + 5*f**2. What is the tens digit of p(-3)?
6
Let t(c) be the first derivative of c**5/30 - 5*c**4/24 + 5*c**2/2 + 3. Let n(q) be the second derivative of t(q). What is the units digit of n(5)?
5
Let d be 226 + -4 - (-5 + 2). Suppose -6*v = -v - d. What is the tens digit of v?
4
Let q(m) = -m**3 + 3*m**2 + 5*m + 3. Let a be q(-2). Suppose a*i = -29 + 1732. What is the units digit of i?
1
Let n be (7*(-4)/(-84))/(2/12). Suppose 4*h + 40 = -5*f + f, 5*f = 2*h - 8. What is the units digit of n + h + 128/2?
0
Suppose 4*t + 8*t = 144. Suppose -3*a = -t, 4*g + 2*a - 215 = g. What is the units digit of g?
9
Suppose 4*t = 11622 + 1650. What is the tens digit of t?
1
What is the hundreds digit of (-32)/(-112) + 15756/28?
5
Let z = 5482 + -3516. What is the hundreds digit of z?
9
Let b(t) = t**3 - 3*t**2 + t - 3. Let q be b(4). Suppose q = 5*s - 38. What is the tens digit of s?
1
Let t(v) = v**3 - 3*v**2 - 2*v - 3. Suppose 3*d - 2*z = -7*z, 0 = -2*z. Suppose 16 = 5*m - 2*n, m + d*n = 5*n - 6. What is the units digit of t(m)?
5
Let d(x) = -x**3 - 10*x**2 - 8*x. Let y(u) = -2*u**2 + 4*u - 4. Let f be y(3). What is the units digit of d(f)?
0
Suppose 0*f = -3*b - 3*f + 1188, -4*b + 5*f + 1557 = 0. What is the hundreds digit of b?
3
Suppose 4*n - r = 1103, -5*n + 0*r - 4*r = -1384. Suppose l = -5*f + n, 40 = f - 0*l + 4*l. What is the units digit of f?
6
Let t be 4/(-8)*(59 - (4 + -5)). Suppose -20 = -4*y, 2*n + 15 = 5*y - 14. What is the tens digit of n - (t + 4/4)?
2
Suppose -6*r - 85 = -r - 5*g, -5*g + 72 = -4*r. Let b = 16 + r. What is the tens digit of ((-9)/2)/b*-24?
3
Let z(g) = 18*g**3 + 7*g - 4. What is the units digit of z(3)?
3
Suppose -2*u - u = -2*t - 1, -4*u - 10 = 3*t. Let v be ((-56)/5)/(u/15). Suppose -3*d + v = d. What is the tens digit of d?
4
Let n(g) = -4*g**3 - 9*g**2 + g + 2. Let m be n(-4). Suppose o + 25 - m = 0. What is the tens digit of o?
8
Let i be 2 + (-4 + -6)*6. Let t = i - -115. What is the units digit of t?
7
Let p(c) = -c - 7. Let l(i) = -1. Let b(u) = -3. Let h(t) = 2*b(t) - 5*l(t). Let z(r) = -15*h(r) + 5*p(r). What is the tens digit of z(-9)?
2
Suppose -2*i = 2*i - 56. Suppose -5*r = 4*x - i, 0 = 2*r - x - 3. Suppose q + 77 = 3*p - q, -2*p + 52 = -r*q. What is the units digit of p?
5
Let w(t) = t**3 + 6*t**2 - t + 3. Let j be w(-6). What is the tens digit of (3/2)/(j/180)?
3
Let q = 12 + -12. Suppose 21*z - 16*z - 165 = q. Let g = -28 + z. What is the units digit of g?
5
Let m(r) = 2*r**2 + 30*r + 12. Let k be m(-16). Suppose -5*w - k + 19 = 0, -718 = -4*o - 2*w. What is the tens digit of o?
8
Suppose 0 = -2*u - 2*u - 4. Let j be 7*(-2)/(1 - u). What is the units digit of 48/12 - (j + -1)?
2
What is the tens digit of 31101/12 - 5/(-20)?
9
Let j(i) = -i**2 - i - 1. Let w(m) = 12*m**2 + 8*m - 9. Let t(s) = 6*j(s) + w(s). What is the hundreds digit of t(-5)?
1
Let b be 15/3 - 1442/(-2). Let w = b - 433. What is the tens digit of w?
9
Let a(c) = -6*c + 5. Let v be a(-21). Suppose -3*b = 2*t - 121, -2*t - 3*b + v = 2*b. What is the tens digit of t?
5
Suppose -5*q = -q - x - 4, -x = 3*q + 4. Suppose -9*u + 830 + 205 = q. What is the tens digit of u?
1
Let t = 7495 + -5337. What is the hundreds digit of t?
1
Let h(c) = c**2 - 8*c + 5. Let u be h(8). Suppose 14*j = 12*j + 758. Suppose -3*d = -2*r - 8*d + 144, u*r + 3*d - j = 0. What is the tens digit of r?
7
Suppose 12504 = -4*w + 2*j - j, 3*j + 6252 = -2*w. Let z be (-10)/(-65) - w/(-39). Let t = 119 + z. What is the units digit of t?
9
Let i = 94 - 30. Let r = 150 - i. What is the units digit of r?
6
Suppose 3*r = -2*r - 35. Let j(s) = 3*s**2 + 16*s - 5. What is the units digit of j(r)?
0
Let t be ((-300)/18)/5*(-222)/(-4). Let w = t + 347. What is the tens digit of w?
6
Let l(h) = -h**3 - 17*h**2 + 27*h + 96. What is the thousands digit of l(-22)?
1
Let q(b) = 1385*b**2 - 5*b + 7. What is the tens digit of q(1)?
8
Let y(m) = 13*m**2 + m - 4. Let o be y(2). Suppose 2*g - o = 42. What is the tens digit of g?
4
Suppose 3*w - 18 = 3*k, -w - 4*k + 3*k = 4. Let b be w*(0 - (-3 + 1)). Suppose b*t + 31 = v, 0*v - 2*t + 32 = 2*v. What is the units digit of v?
1
Suppose -2*z = -b - 14, -z + 6 = -0*b - b. Let w be (-2)/z + (-245)/28. Let g = 20 + w. What is the units digit of g?
1
Suppose -4 = 4*z + 8, 2*z = 4*t - 1714. What is the hundreds digit of t?
4
Let c(x) = x. Let a(z) be the second derivative of 7*z**3/2 + 5*z**2/2 - z. Let g(n) = a(n) + c(n). What is the tens digit of g(3)?
7
Let u be (18/21)/(-3) + 64/28. Suppose -g + 12 = -4*h + 112, 8 = u*g. What is the units digit of h?
6
Let i = -22 - -22. Let h = 12 + i. Suppose t = -0*t - 2*q + h, 3*t = 5*q + 3. What is the units digit of t?
6
Suppose s - 307 = -2*l, 5*l = -2*s + 5*s + 773. What is the hundreds digit of l?
1
Suppose 56*g - 151071 = 40897. What is the tens digit of g?
2
What is the units digit of (-9)/12*87*-4?
1
Suppose -2*s = 3*s + 5*d - 11150, -4*s - d = -8911. What is the thousands digit of s?
2
Let m be (-14)/21 + 16/6. Suppose 4*w = -f + 7, 4*f + 47 = m*w + 3. Let d = f + 19. What is the units digit of d?
0
Let r be 6/(-15) - (-1 - (-81)/(-15)). What is the tens digit of 5 - (0 - r) - (-2 + 1)?
1
Let a(z) = z**2 + 2*z - 12. Suppose i - 21 = 2*p, p + i = -3 - 6. What is the tens digit of a(p)?
6
Let d(m) = 40*m - 148. What is the thousands digit of d(43)?
1
Let x = -37 - -48. Suppose 43 = 2*i + x. What is the tens digit of i?
1
Let n = -1343 + 2174. What is the hundreds digit of n?
8
Let q = -1 - -2. Let a(p) = p**3 + 7*p**2 - 2*p. Let s(v) = v**2. Let n(r) = q*a(r) - 3*s(r). What is the tens digit of n(3)?
5
Let u(k) = -21*k**2 + 8*k - 7. Let c be u(1). Let i be (-6)/4*8/6. What is the units digit of c/(-10)*(-4)/i?
4
Let o(d) = -d**3 + 33*d**2 - 64*d + 76. What is the units digit of o(31)?
4
Let d(w) = -w**2 - 8*w - 10. Let s be d(-5). Let n(v) = -s*v + v**2 + 0*v + 2*v + 14. What is the tens digit of n(7)?
4
Suppose -4*r + 77 = -1215. Let v = r + -215. What is the tens digit of v?
0
Let g be 2/(-1)*1/((-6)/45). Let q = -12 + g. What is the units digit of q?
3
Let g(s) = -s**2 - 23*s - 1. Let b be g(-17). Suppose 5*y = b - 271. Let x = 10 - y. What is the tens digit of x?
4
Suppose -440 = -3*p - 14. Let k be (16/(-10))/((-28)/(-5) + -6). Suppose -4*h = -h - d - p, -k*h - 5*d + 221 = 0. What is the tens digit of h?
4
What is the thousands digit of -4*(12844/(-16) - (-84)/24)?
3
Suppose -3563 = -3*i + 4*y, -7*i = -2*i - 2*y - 5929. What is the thousands digit of i?
1
Let y = 1823 - 1105. What is the hundreds digit of y?
7
Suppose 0 = 10*c - 14*c + 2484. Let l = -212 + c. Suppose 5*t = -174 + l. What is the units digit of t?
7
Let d(c) = c**2 - 16*c + 17. Let q be d(15). Suppose -3*k = -q*k - 106. What is the tens digit of k?
0
Suppose 0 = -w - 2*h + 3313, -7894 = 5*w + 5*h - 24449. What is the thousands digit of w?
3
Suppose -2*t + 2653 = -5*d, -2*d - 21 + 11 = 0. What is the thousands digit of t?
1
Let y = 310 - -625. What is the hundreds digit of y?
9
Suppose c - 5*o = 5*c - 26, 0 = -2*c + o + 6. Suppose c*s - 5 = 3. Suppose 5 = -r, 0 = s*p + 3*r - r - 20. What is the units digit of p?
5
Suppose -13 - 560 = -3*b. Suppose 0 = 4*z - 2*z - 5*q - b, 102 = z + 4*q. What is the tens digit of z?
9
Let l(n) = -143*n + 20. What is the tens digit of l(-4)?
9
Suppose 0 = l + 4*l. What is the units digit of 46 - (l + (1 - 2))?
7
Let x be 14 + (1 - -3 - 4). Suppose -q + 2 = -x. Let k(m) = m - 13. What is the units digit of k(q)?
3
Let i be -1 + (3 - (4 - 0)). Let k be 4 - i/6*-3. Suppose v + 0*v = 5*w + k, -w = 5*v - 145. What is the units digit of v?
8
Let h(j) = j**3 - 16*j**2 + 15*j + 15. Let c be h(15). What is the units digit of ((-10)/c)/((-2)/39)?
3
Let f(v) be the first derivative of -v**4/4 - 13*v**3/3 - 17*v**2/2 - 3*v + 20. Let k(t) = -t**2 + 2*t + 3. Let h be k(5). What is the units digit of f(h)?
7
What is the units digit of -454*(